ivided by 12?
9
Suppose 288 = -70*d + 76*d. Let a = -36 + d. What is the remainder when 17 + (-3)/(-6)*2 is divided by a?
6
Suppose 4*h - 47 = -4*q + 85, 0 = 2*h + 3*q - 70. Suppose -2*i = -4*i - 0*i. Suppose 8*b - 5*b - 255 = i. What is the remainder when b is divided by h?
27
Let k = -52 + 52. Suppose 5*p = -k*p + 175. What is the remainder when p is divided by ((-4)/(-8))/(((-19)/12)/(-19))?
5
Let a = -10 + 13. Suppose -p = -a + 1. Suppose 3*y - 7*y = -2*l - p, l - 24 = -3*y. Calculate the remainder when 24 is divided by l.
6
Suppose 45*g - 51*g + 192 = 0. Calculate the remainder when 60 is divided by g.
28
Let u be 6/(-15) + (-1196)/10. Let y(a) = a**2 + 28*a + 329. What is the remainder when y(-18) is divided by u/(-3) + 0 + -2?
35
Suppose -5002 = -16*q - 4154. Calculate the remainder when 164 is divided by q.
5
Let k be (2/8)/(52/3536). Suppose -k*s - 12*s + 551 = 0. What is the remainder when 50 is divided by s?
12
Let v = 310 + -305. Suppose 2 = 5*m - 13. Suppose 0 = -m*p - 1 + 22. Calculate the remainder when p is divided by v.
2
Let t = 349 + -121. Suppose 5*j - t = 2*b, 2*b - 16 = j - 252. Let c = b - -172. Calculate the remainder when c is divided by 8.
5
Suppose 20 = -10*t + 5*t, -3*h = -5*t + 52. Calculate the remainder when 1/(2/(-6))*(h - -11) is divided by 22.
17
Let j(g) = 14*g. Let s be j(1). Let t be s/((-30)/12*4/(-55)). Suppose x = 2*v - 55, 3*v - x + 5*x = t. Calculate the remainder when 77 is divided by v.
23
What is the remainder when (84282/34 - -2) + 1 + (-45)/51 is divided by 22?
17
Suppose -40 = -2*q + 3*g, -2*q + 50 = -0*q + 2*g. Calculate the remainder when (-3195)/(-36) - (-2)/(-5 - -13) is divided by q.
20
Let g = -30 + 78. Let t = 365 - 593. What is the remainder when (t/(-2))/((-117)/(-195)) is divided by g?
46
Let g(b) = -b**2 - 99*b + 3945. Calculate the remainder when 521 is divided by g(30).
71
Let g(s) = -71*s + 604. What is the remainder when g(-2) is divided by 19?
5
Let o(k) = 28*k**3 + 672*k**2 - 3*k - 62. What is the remainder when (2/4)/(6/216) is divided by o(-24)?
8
Let y(k) = 7*k**2 - 43*k + 6. Let r be y(6). Suppose 4*c - 49 = -3*j, 2*c - 3*j + 0*j - 47 = r. What is the remainder when 31 is divided by c?
15
Let z(u) = 73*u + 409. What is the remainder when 570 is divided by z(-2)?
44
Let n be (4*(-2)/6)/(15/(-945)). What is the remainder when ((-1449)/n)/((-6)/16) is divided by 10?
6
Let z(u) = -6*u + 4*u - 2*u + u + 215. What is the remainder when z(-21) is divided by 35?
33
What is the remainder when 602 is divided by (-23 - 477/(-21)) + 9/7?
0
Let z(l) = 8*l + 34. Let i(v) = -5*v - 54. Let r be i(-12). What is the remainder when z(r) is divided by 26?
4
Suppose 2*c = 4, -102*t - 3*c = -100*t - 4900. What is the remainder when t is divided by 31?
29
Let j(x) = -12*x - 2. What is the remainder when j(-6) is divided by 804/31 + 482/7471?
18
Suppose -16*i + 14*i + k + 1269 = 0, 16*k = -144. What is the remainder when i is divided by 37?
1
Suppose 18*d = 13*d - 10. Calculate the remainder when 101 is divided by ((-969)/6)/19*(0 + d).
16
Suppose -b = -j + 29, -21 = -2*j + 5*b + 49. Let p(k) = 5*k**2 - 1292*k + 6461. Calculate the remainder when p(254) is divided by j.
23
Suppose 14*d = -3*f + 14056, -25*d - f + 3012 = -22*d. Calculate the remainder when d is divided by 6.
2
Suppose 18*p - 2*p = -2*p + 558. Calculate the remainder when 59 is divided by p.
28
Let d(s) = 12 - 28*s - 21*s - 14*s**2 + 0*s**2 + 9*s - s**3. Calculate the remainder when d(-10) is divided by 2.
0
Suppose j = -h + 7344, j + 3*h - 4296 = 3042. What is the remainder when j is divided by 210?
207
Suppose 0 = i + 10*i - 5082. Suppose 43*k - 65*k = -i. Calculate the remainder when 55 is divided by k.
13
Suppose -9*j + 26905 = -13819 - 15535. What is the remainder when j is divided by 62?
51
What is the remainder when 3849 is divided by (-1498)/(-210) - (43/(-15) - -3)?
6
Let x(s) = -s**3 - 4*s**2 - 4*s - 6. Let h(g) = g + 14. Let a be h(-8). Suppose 135 = a*f - f. What is the remainder when f is divided by x(-4)?
7
Let b(n) = 6*n - 40. Let j be b(20). Suppose -5*u + j = 4*r - u, 4*u = r. Calculate the remainder when 54 is divided by r.
6
Suppose -4*n + 77 = -81 - 110. What is the remainder when n is divided by 51?
16
Let l = 1452 + -1442. Let u(z) = -z**3 + 9*z**2 + 21*z - 87. Calculate the remainder when u(l) is divided by (-1)/((-4)/(-3))*-16.
11
Let s(k) = 25*k**2 + k - 2. What is the remainder when s(2) is divided by (-185)/(-925) + (2/(-3))/((-5)/126)?
15
Let h = 2557 + -2523. What is the remainder when 65 is divided by h?
31
Let n be (10 + -3)*4*26. Suppose 30*k - n = 4*k. Let r = 36 - -46. What is the remainder when r is divided by k?
26
Suppose 790 = 35*f - 190. Suppose 0*p - 2*p = -170. Calculate the remainder when p is divided by f.
1
Suppose 612 = -130*x + 142*x. Suppose -4*w - 3*l = -2*w - 106, -w - l + x = 0. What is the remainder when w is divided by 42?
5
Suppose 41*y - 177 - 272 = 453. Calculate the remainder when 2331 is divided by y.
21
Let o(s) = 23*s - 1. What is the remainder when -13 - (9 + -11 + -141)*1 is divided by o(2)?
40
Suppose 3*a - 5*z - 43 = a, -a = -5*z - 14. What is the remainder when 112 is divided by a?
25
Suppose 4*l - u - 19 = 57, 0 = 3*l - 2*u - 52. Calculate the remainder when 39 is divided by l.
19
Let y = -856 - -858. Suppose 7*m + 69 = 10*m. What is the remainder when m is divided by y?
1
Suppose 35*a - 24 = 33*a. Calculate the remainder when ((-2)/4)/(1/(-46)) is divided by (8/a)/(0 + (-10)/(-195)).
10
Suppose -11*m + 13*m = z + 572, -1724 = -6*m + z. What is the remainder when m is divided by 37?
29
Let b(o) be the second derivative of -o**5/10 + 17*o**4/12 + 3*o**3/2 + 3*o**2/2 - 36*o - 2. What is the remainder when 86 is divided by b(9)?
2
Let c(j) = 2*j**3 - 9*j**2 - 15*j + 16. Calculate the remainder when 3118 is divided by c(7).
154
Let m = 1313 + 482. Suppose -m + 400 = -31*r. Calculate the remainder when r is divided by 19.
7
Let v(u) = -u**3 + 14*u**2 + 25*u + 14. Let l be v(16). Let b = 111 + l. Let s = 17 + 33. Calculate the remainder when s is divided by b.
11
Suppose -3751 = 67*l - 16146. Calculate the remainder when l is divided by 40.
25
Suppose 3*j - 325 = -2*k, -2*j + 8*k = 5*k - 195. Let l = 9 - 4. Suppose j = l*d - 0*d. Calculate the remainder when 38 is divided by d.
17
Let f = -117 + 361. Let o = f - 231. Calculate the remainder when 70 is divided by o.
5
Calculate the remainder when 1327 is divided by 2268/(-36)*2/(-7).
13
Suppose -5*f - 27 = -6*f. Let i = f + -17. Suppose 5*m = 3*k + 1 - 11, -k - i = -5*m. Calculate the remainder when 88 is divided by k.
8
Suppose -5*n - b + 134 = 0, 0 = -4*n + 3*b - 25 + 136. Calculate the remainder when 344 is divided by n.
20
Let t = 323 + -134. Calculate the remainder when t is divided by (-16)/((-2)/1)*(-176)/(-22).
61
Let p(t) = -31*t - 5. What is the remainder when p(-6) is divided by 22 + 19 + 340/17?
59
Let d be 6 + (-2 - 8/(-2)). Let c be 12/d*(-5 + 3). Calculate the remainder when -1 - (-64 - (3 + c) - 1) is divided by 22.
20
Let d(o) = o**3 + 16*o**2 - 132*o + 31. Calculate the remainder when 209 is divided by d(-22).
23
Let r = 1922 + -1333. Let g = r + -572. What is the remainder when 81 is divided by g?
13
Suppose -330*r - 168 = -344*r. Calculate the remainder when 441 is divided by r.
9
Suppose 405 = 5*h - 1265. Let k = -171 + h. Suppose -5*o + 0*x + 5*x = -100, -2*o = -7*x - 65. What is the remainder when k is divided by o?
13
Suppose -83*b = -82*b - 202. Suppose 0 = 201*j - b*j + 14. Calculate the remainder when 111 is divided by j.
13
Calculate the remainder when ((-2)/(4/(-3)))/((-87)/(-5336)) is divided by 29.
5
Suppose 0 = 5*a + b - 1937 - 1054, -4*b = -2*a + 1170. Calculate the remainder when a is divided by 76.
65
What is the remainder when 2121 is divided by ((-76)/14)/(4*5/(-140))?
31
Suppose 4*w = 18*w - 31414 - 61378. Calculate the remainder when w is divided by 130.
128
Suppose -5856 = -2*k + 4*c, -5*k - 53*c + 48*c = -14670. Calculate the remainder when k is divided by 113.
107
Let q = 71 + -38. Let j(b) = 2*b**2 - 60*b + 357. What is the remainder when q is divided by j(22)?
3
Suppose d = 3*u + u + 88, -u - 73 = -d. Let j = -568 + 571. Suppose -3*w = j*m - 75, -4*w + 13 = 5. Calculate the remai